{"id":1546,"date":"2025-09-01T14:25:11","date_gmt":"2025-09-01T12:25:11","guid":{"rendered":"https:\/\/zengoalfold.com\/?post_type=product&#038;p=1546"},"modified":"2025-09-01T14:38:03","modified_gmt":"2025-09-01T12:38:03","slug":"caterpillar-dx14-furocsavarozo-12-volt-2-0-ah-li-ion-2","status":"publish","type":"product","link":"https:\/\/www.zengoalfold.com\/?product=caterpillar-dx14-furocsavarozo-12-volt-2-0-ah-li-ion-2","title":{"rendered":"Caterpillar DX14 F\u00far\u00f3csavaroz\u00f3 12 Volt \/ 2.0 Ah Li-ion"},"content":{"rendered":"<p><span>F\u00far\u00f3csavaroz\u00f3 12 Volt \/ 2.0 Ah Li-ion &#8211; DX14<\/span><\/p>\n<p><span>Jellemz\u0151k<\/span><\/p>\n<ul>\n<li><span>Kompakt \u00e9s k\u00f6nny\u0171 kialak\u00edt\u00e1s<\/span><\/li>\n<li><span>V\u00e1ltoztathat\u00f3 sebess\u00e9gfokozattal \u00e9s ir\u00e1nyv\u00e1lt\u00e1ssal<\/span><\/li>\n<li><span>Automatikus tengelyz\u00e1r<\/span><\/li>\n<li><span>Egyperselyes tokm\u00e1ny<\/span><\/li>\n<li><span>LED akkumul\u00e1tor t\u00f6lt\u00f6tts\u00e9gjelz\u0151<\/span><\/li>\n<li><span>K\u00e9tfokozat\u00fa sebess\u00e9gv\u00e1lt\u00f3<\/span><\/li>\n<li><span>LED vil\u00e1g\u00edt\u00e1s<\/span><\/li>\n<li><span>Gum\u00edrozott, cs\u00fasz\u00e1smentes markolat<\/span><\/li>\n<\/ul>\n<p><span>M\u0171szaki adatok<\/span><\/p>\n<ul>\n<li><span>Fesz\u00fclts\u00e9g: 12V<\/span><\/li>\n<li><span>Tokm\u00e1ny m\u00e9ret:10 mm<\/span><\/li>\n<li><span>Maxim\u00e1lis nyomat\u00e9k: 30 N.m<\/span><\/li>\n<li><span>\u00dcresj\u00e1rati fordulatsz\u00e1m:\u00a0<a href=\"tel:0-400\/0-\">0-400\/0-<\/a>\/min<\/span><\/li>\n<li><span>Nyomat\u00e9kbe\u00e1ll\u00edt\u00e1si fokozatok:15+1<\/span><\/li>\n<li><span>Maxim\u00e1lis f\u00far\u00e1si kapacit\u00e1s:<\/span>\n<ul>\n<li><span>Fa:20 mm<\/span><\/li>\n<li><span>F\u00e9m: 8 mm<\/span><\/li>\n<\/ul>\n<\/li>\n<li><span>G\u00e9p s\u00falya: 1,00kg<\/span><\/li>\n<li><span>Csomagol\u00e1s t\u00edpusa: Sz\u00ednes doboz<\/span><\/li>\n<\/ul>\n<p><span>Tartoz\u00e9kok<\/span><\/p>\n<ul>\n<li><span>1 db 2.0Ah akkumul\u00e1tor<\/span><\/li>\n<li><span>1 db t\u00f6lt\u0151<\/span><\/li>\n<\/ul>\n","protected":false},"excerpt":{"rendered":"<p>F\u00far\u00f3csavaroz\u00f3 12 Volt \/ 2.0 Ah Li-ion &#8211; DX14 Jellemz\u0151k Kompakt \u00e9s k\u00f6nny\u0171 kialak\u00edt\u00e1s V\u00e1ltoztathat\u00f3 sebess\u00e9gfokozattal \u00e9s ir\u00e1nyv\u00e1lt\u00e1ssal Automatikus tengelyz\u00e1r Egyperselyes tokm\u00e1ny LED akkumul\u00e1tor t\u00f6lt\u00f6tts\u00e9gjelz\u0151 K\u00e9tfokozat\u00fa sebess\u00e9gv\u00e1lt\u00f3 LED vil\u00e1g\u00edt\u00e1s Gum\u00edrozott, cs\u00fasz\u00e1smentes markolat M\u0171szaki adatok Fesz\u00fclts\u00e9g: 12V Tokm\u00e1ny m\u00e9ret:10 mm Maxim\u00e1lis nyomat\u00e9k: 30 N.m \u00dcresj\u00e1rati fordulatsz\u00e1m:\u00a00-400\/0-\/min Nyomat\u00e9kbe\u00e1ll\u00edt\u00e1si fokozatok:15+1 Maxim\u00e1lis f\u00far\u00e1si kapacit\u00e1s: Fa:20 mm F\u00e9m: 8 mm [&hellip;]<\/p>\n","protected":false},"featured_media":1543,"template":"","meta":[],"product_brand":[114],"product_cat":[164],"product_tag":[],"class_list":{"0":"post-1546","1":"product","2":"type-product","3":"status-publish","4":"has-post-thumbnail","6":"product_brand-caterpillar","7":"product_cat-szerszamgepek","9":"first","10":"instock","11":"shipping-taxable","12":"product-type-simple"},"_links":{"self":[{"href":"https:\/\/www.zengoalfold.com\/index.php?rest_route=\/wp\/v2\/product\/1546","targetHints":{"allow":["GET"]}}],"collection":[{"href":"https:\/\/www.zengoalfold.com\/index.php?rest_route=\/wp\/v2\/product"}],"about":[{"href":"https:\/\/www.zengoalfold.com\/index.php?rest_route=\/wp\/v2\/types\/product"}],"wp:featuredmedia":[{"embeddable":true,"href":"https:\/\/www.zengoalfold.com\/index.php?rest_route=\/wp\/v2\/media\/1543"}],"wp:attachment":[{"href":"https:\/\/www.zengoalfold.com\/index.php?rest_route=%2Fwp%2Fv2%2Fmedia&parent=1546"}],"wp:term":[{"taxonomy":"product_brand","embeddable":true,"href":"https:\/\/www.zengoalfold.com\/index.php?rest_route=%2Fwp%2Fv2%2Fproduct_brand&post=1546"},{"taxonomy":"product_cat","embeddable":true,"href":"https:\/\/www.zengoalfold.com\/index.php?rest_route=%2Fwp%2Fv2%2Fproduct_cat&post=1546"},{"taxonomy":"product_tag","embeddable":true,"href":"https:\/\/www.zengoalfold.com\/index.php?rest_route=%2Fwp%2Fv2%2Fproduct_tag&post=1546"}],"curies":[{"name":"wp","href":"https:\/\/api.w.org\/{rel}","templated":true}]}}